{"id":90751,"date":"2025-12-06T19:34:32","date_gmt":"2025-12-06T19:34:32","guid":{"rendered":"https:\/\/bjelasica-komovi.me\/nas-tim\/"},"modified":"2026-04-29T17:08:41","modified_gmt":"2026-04-29T17:08:41","slug":"our-team","status":"publish","type":"page","link":"https:\/\/bjelasica-komovi.me\/en\/our-team\/","title":{"rendered":"Our Team"},"content":{"rendered":"<section class=\"l-section wpb_row height_custom\"><div class=\"l-section-h i-cf\"><div class=\"g-cols vc_row via_grid cols_1 laptops-cols_inherit tablets-cols_inherit mobiles-cols_1 valign_top type_default stacking_default\"><div class=\"wpb_column vc_column_container\"><div class=\"vc_column-inner\"><div class=\"wpb_text_column\"><div class=\"wpb_wrapper\"><div style=\"max-width: 760px; line-height: 1.85; color: #2a2a2a; font-family: sans-serif; margin: 0 auto;\">\n<div style=\"margin-bottom: 45px;\">\n<h3 style=\"font-size: 1.5rem; font-weight: 600; color: #1a1a1a; margin-bottom: 5px;\">Jelena Kriv\u010devi\u0107<\/h3>\n<p style=\"font-size: 0.9rem; color: #757575; font-weight: 600; text-transform: uppercase; margin-bottom: 18px; letter-spacing: 0.05em;\">Executive Director<\/p>\n<p style=\"margin-bottom: 24px;\">Jelena Kriv\u010devi\u0107 has been working in international and local organizations on various projects since 1999, mostly in Montenegro but also with 6 years of experience abroad. In different roles and positions, she has worked on the implementation of multi-million dollar projects in the fields of community development and economic growth in Montenegro and Georgia. She has provided consultancy services for USAID projects in Georgia, Serbia, and Kosovo, and has worked on the preparation and implementation of over 30 EU-funded projects. She has been at the head of RDA BKP practically since its founding, building it with her team into a respectable and successful organization.<\/p>\n<div style=\"width: 60px; height: 2px; background: #0c8044;\"><\/div>\n<\/div>\n<div style=\"margin-bottom: 45px;\">\n<h3 style=\"font-size: 1.5rem; font-weight: 600; color: #1a1a1a; margin-bottom: 5px;\">Radojka \u0160\u0107eki\u0107<\/h3>\n<p style=\"font-size: 0.9rem; color: #757575; font-weight: 600; text-transform: uppercase; margin-bottom: 18px; letter-spacing: 0.05em;\">Administrative and Financial Manager<\/p>\n<p style=\"margin-bottom: 24px;\">Radojka \u0160\u0107eki\u0107 holds a Master&#8217;s degree in European Integration. Ms. \u0160\u0107eki\u0107 also has extensive experience working with international organizations in the Bjelasica, Komovi, and Prokletije region. She has held responsible positions in various programs implemented in the northern region. During her time at the Urban Institute, she gained expertise in USAID financial reporting procedures, and at RDA BKP, she further specialized in rules and procedures for project management and financial reporting for EU projects. She provides significant support to the RDA and partner municipalities in preparing EU project proposals.<\/p>\n<div style=\"width: 40px; height: 1px; background: #ccc;\"><\/div>\n<\/div>\n<div style=\"margin-bottom: 45px;\">\n<h3 style=\"font-size: 1.5rem; font-weight: 600; color: #1a1a1a; margin-bottom: 5px;\">Sne\u017eana Ze\u010devi\u0107<\/h3>\n<p style=\"font-size: 0.9rem; color: #757575; font-weight: 600; text-transform: uppercase; margin-bottom: 18px; letter-spacing: 0.05em;\">Project Manager<\/p>\n<p style=\"margin-bottom: 24px;\">Sne\u017eana Ze\u010devi\u0107 has worked in various international organizations since 1999, making her a versatile professional with experience in different sectors, particularly tourism and agriculture. She comes with strong references from one of the most successful USAID projects in the region \u2013 CRDA. She has also worked in organizations funded by other donors, such as the Danish Refugee Council, Premier Urgence, and FORS Montenegro.<\/p>\n<div style=\"width: 40px; height: 1px; background: #ccc;\"><\/div>\n<\/div>\n<div style=\"margin-bottom: 45px;\">\n<h3 style=\"font-size: 1.5rem; font-weight: 600; color: #1a1a1a; margin-bottom: 5px;\">Ivan Mali\u0161i\u0107<\/h3>\n<p style=\"font-size: 0.9rem; color: #757575; font-weight: 600; text-transform: uppercase; margin-bottom: 18px; letter-spacing: 0.05em;\">Project Manager<\/p>\n<p style=\"margin-bottom: 24px;\">Ivan Mali\u0161i\u0107 is a graduate economist with extensive experience working with various organizations \u2013 USAID economic programs, the Austrian-Montenegrin Partnership, and UNDP projects. He is one of the founders of the Regional Development Agency for Bjelasica, Komovi, and Prokletije. He specializes in rural tourism and katuns, with experience in all mentoring activities that benefit businesses of any type.<\/p>\n<div style=\"width: 40px; height: 1px; background: #ccc;\"><\/div>\n<\/div>\n<div style=\"margin-bottom: 45px;\">\n<h3 style=\"font-size: 1.5rem; font-weight: 600; color: #1a1a1a; margin-bottom: 5px;\">Dalibor \u0160ekularac<\/h3>\n<p style=\"font-size: 0.9rem; color: #757575; font-weight: 600; text-transform: uppercase; margin-bottom: 18px; letter-spacing: 0.05em;\">Project Manager<\/p>\n<p style=\"margin-bottom: 24px;\">Dalibor is a professor of English language and literature, as well as an enthusiast for mountains, katuns, and agriculture. Coming from a katun family himself, he provides the team with additional, experiential information regarding the needs of katuns and potential methods for their preservation. He is a licensed tourist guide, a mentor for the Good Travel Seal, and a key team member in all tasks related to creating a characteristic and sustainable tourism offer.<\/p>\n<div style=\"width: 40px; height: 1px; background: #ccc;\"><\/div>\n<\/div>\n<div style=\"margin-bottom: 45px;\">\n<h3 style=\"font-size: 1.5rem; font-weight: 600; color: #1a1a1a; margin-bottom: 5px;\">Aldina He\u0107o<\/h3>\n<p style=\"font-size: 0.9rem; color: #757575; font-weight: 600; text-transform: uppercase; margin-bottom: 18px; letter-spacing: 0.05em;\">Project Manager<\/p>\n<p style=\"margin-bottom: 24px;\">Dina is a graduate economist and a passionate mountaineer, with experience in various roles that share a common trait \u2013 working with people. Although she joined the Regional Development Agency in 2024, she integrated quickly and has been working from the start on projects significant for katuns, the preservation of indigenous breeds, and the creation of new tourist routes.<\/p>\n<div style=\"width: 40px; height: 1px; background: #ccc;\"><\/div>\n<\/div>\n<div style=\"margin-bottom: 45px;\">\n<h3 style=\"font-size: 1.5rem; font-weight: 600; color: #1a1a1a; margin-bottom: 5px;\">Petar Kati\u0107<\/h3>\n<p style=\"font-size: 0.9rem; color: #757575; font-weight: 600; text-transform: uppercase; margin-bottom: 18px; letter-spacing: 0.05em;\">Financial Officer<\/p>\n<p style=\"margin-bottom: 24px;\">Petar is a graduate economist who has been with the Regional Development Agency team since 2024. Before joining this team, he worked in accounting and administrative roles in the private sector, where he gained an excellent understanding of regulations in that field. During his work at RDA BKP, he also mastered the regulations related to EU projects and the functioning of civil sector organizations.<\/p>\n<\/div>\n<div style=\"width: 60px; height: 2px; background: #0c8044; margin-top: 45px;\"><\/div>\n<\/div>\n<\/div><\/div><\/div><\/div><\/div><\/div><\/section>\n","protected":false},"excerpt":{"rendered":"Jelena Kriv\u010devi\u0107 Executive Director Jelena Kriv\u010devi\u0107 has been working in international and local organizations on various projects since 1999, mostly in Montenegro but also with 6 years of experience abroad. In different roles and positions, she has worked on the implementation of multi-million dollar projects in the fields of community development and economic growth in...","protected":false},"author":1,"featured_media":93238,"parent":0,"menu_order":0,"comment_status":"closed","ping_status":"closed","template":"","meta":{"_acf_changed":false,"footnotes":""},"class_list":["post-90751","page","type-page","status-publish","has-post-thumbnail","hentry"],"acf":[],"_links":{"self":[{"href":"https:\/\/bjelasica-komovi.me\/en\/wp-json\/wp\/v2\/pages\/90751","targetHints":{"allow":["GET"]}}],"collection":[{"href":"https:\/\/bjelasica-komovi.me\/en\/wp-json\/wp\/v2\/pages"}],"about":[{"href":"https:\/\/bjelasica-komovi.me\/en\/wp-json\/wp\/v2\/types\/page"}],"author":[{"embeddable":true,"href":"https:\/\/bjelasica-komovi.me\/en\/wp-json\/wp\/v2\/users\/1"}],"replies":[{"embeddable":true,"href":"https:\/\/bjelasica-komovi.me\/en\/wp-json\/wp\/v2\/comments?post=90751"}],"version-history":[{"count":3,"href":"https:\/\/bjelasica-komovi.me\/en\/wp-json\/wp\/v2\/pages\/90751\/revisions"}],"predecessor-version":[{"id":94107,"href":"https:\/\/bjelasica-komovi.me\/en\/wp-json\/wp\/v2\/pages\/90751\/revisions\/94107"}],"wp:featuredmedia":[{"embeddable":true,"href":"https:\/\/bjelasica-komovi.me\/en\/wp-json\/wp\/v2\/media\/93238"}],"wp:attachment":[{"href":"https:\/\/bjelasica-komovi.me\/en\/wp-json\/wp\/v2\/media?parent=90751"}],"curies":[{"name":"wp","href":"https:\/\/api.w.org\/{rel}","templated":true}]}}

<section class="l-section wpb_row height_custom"><div class="l-section-h i-cf"><div class="g-cols vc_row via_grid cols_1 laptops-cols_inherit tablets-cols_inherit mobiles-cols_1 valign_top type_default stacking_default"><div class="wpb_column vc_column_container"><div class="vc_column-inner"><div class="wpb_text_column"><div class="wpb_wrapper"><div style="max-width: 760px; line-height: 1.85; color: #2a2a2a; font-family: sans-serif; margin: 0 auto;">
<div style="margin-bottom: 45px;">
<h3 style="font-size: 1.5rem; font-weight: 600; color: #1a1a1a; margin-bottom: 5px;">Jelena Krivčević</h3>
<p style="font-size: 0.9rem; color: #757575; font-weight: 600; text-transform: uppercase; margin-bottom: 18px; letter-spacing: 0.05em;">Executive Director</p>
<p style="margin-bottom: 24px;">Jelena Krivčević has been working in international and local organizations on various projects since 1999, mostly in Montenegro but also with 6 years of experience abroad. In different roles and positions, she has worked on the implementation of multi-million dollar projects in the fields of community development and economic growth in Montenegro and Georgia. She has provided consultancy services for USAID projects in Georgia, Serbia, and Kosovo, and has worked on the preparation and implementation of over 30 EU-funded projects. She has been at the head of RDA BKP practically since its founding, building it with her team into a respectable and successful organization.</p>
<div style="width: 60px; height: 2px; background: #0c8044;"></div>
</div>
<div style="margin-bottom: 45px;">
<h3 style="font-size: 1.5rem; font-weight: 600; color: #1a1a1a; margin-bottom: 5px;">Radojka Šćekić</h3>
<p style="font-size: 0.9rem; color: #757575; font-weight: 600; text-transform: uppercase; margin-bottom: 18px; letter-spacing: 0.05em;">Administrative and Financial Manager</p>
<p style="margin-bottom: 24px;">Radojka Šćekić holds a Master&#8217;s degree in European Integration. Ms. Šćekić also has extensive experience working with international organizations in the Bjelasica, Komovi, and Prokletije region. She has held responsible positions in various programs implemented in the northern region. During her time at the Urban Institute, she gained expertise in USAID financial reporting procedures, and at RDA BKP, she further specialized in rules and procedures for project management and financial reporting for EU projects. She provides significant support to the RDA and partner municipalities in preparing EU project proposals.</p>
<div style="width: 40px; height: 1px; background: #ccc;"></div>
</div>
<div style="margin-bottom: 45px;">
<h3 style="font-size: 1.5rem; font-weight: 600; color: #1a1a1a; margin-bottom: 5px;">Snežana Zečević</h3>
<p style="font-size: 0.9rem; color: #757575; font-weight: 600; text-transform: uppercase; margin-bottom: 18px; letter-spacing: 0.05em;">Project Manager</p>
<p style="margin-bottom: 24px;">Snežana Zečević has worked in various international organizations since 1999, making her a versatile professional with experience in different sectors, particularly tourism and agriculture. She comes with strong references from one of the most successful USAID projects in the region – CRDA. She has also worked in organizations funded by other donors, such as the Danish Refugee Council, Premier Urgence, and FORS Montenegro.</p>
<div style="width: 40px; height: 1px; background: #ccc;"></div>
</div>
<div style="margin-bottom: 45px;">
<h3 style="font-size: 1.5rem; font-weight: 600; color: #1a1a1a; margin-bottom: 5px;">Ivan Mališić</h3>
<p style="font-size: 0.9rem; color: #757575; font-weight: 600; text-transform: uppercase; margin-bottom: 18px; letter-spacing: 0.05em;">Project Manager</p>
<p style="margin-bottom: 24px;">Ivan Mališić is a graduate economist with extensive experience working with various organizations – USAID economic programs, the Austrian-Montenegrin Partnership, and UNDP projects. He is one of the founders of the Regional Development Agency for Bjelasica, Komovi, and Prokletije. He specializes in rural tourism and katuns, with experience in all mentoring activities that benefit businesses of any type.</p>
<div style="width: 40px; height: 1px; background: #ccc;"></div>
</div>
<div style="margin-bottom: 45px;">
<h3 style="font-size: 1.5rem; font-weight: 600; color: #1a1a1a; margin-bottom: 5px;">Dalibor Šekularac</h3>
<p style="font-size: 0.9rem; color: #757575; font-weight: 600; text-transform: uppercase; margin-bottom: 18px; letter-spacing: 0.05em;">Project Manager</p>
<p style="margin-bottom: 24px;">Dalibor is a professor of English language and literature, as well as an enthusiast for mountains, katuns, and agriculture. Coming from a katun family himself, he provides the team with additional, experiential information regarding the needs of katuns and potential methods for their preservation. He is a licensed tourist guide, a mentor for the Good Travel Seal, and a key team member in all tasks related to creating a characteristic and sustainable tourism offer.</p>
<div style="width: 40px; height: 1px; background: #ccc;"></div>
</div>
<div style="margin-bottom: 45px;">
<h3 style="font-size: 1.5rem; font-weight: 600; color: #1a1a1a; margin-bottom: 5px;">Aldina Hećo</h3>
<p style="font-size: 0.9rem; color: #757575; font-weight: 600; text-transform: uppercase; margin-bottom: 18px; letter-spacing: 0.05em;">Project Manager</p>
<p style="margin-bottom: 24px;">Dina is a graduate economist and a passionate mountaineer, with experience in various roles that share a common trait – working with people. Although she joined the Regional Development Agency in 2024, she integrated quickly and has been working from the start on projects significant for katuns, the preservation of indigenous breeds, and the creation of new tourist routes.</p>
<div style="width: 40px; height: 1px; background: #ccc;"></div>
</div>
<div style="margin-bottom: 45px;">
<h3 style="font-size: 1.5rem; font-weight: 600; color: #1a1a1a; margin-bottom: 5px;">Petar Katić</h3>
<p style="font-size: 0.9rem; color: #757575; font-weight: 600; text-transform: uppercase; margin-bottom: 18px; letter-spacing: 0.05em;">Financial Officer</p>
<p style="margin-bottom: 24px;">Petar is a graduate economist who has been with the Regional Development Agency team since 2024. Before joining this team, he worked in accounting and administrative roles in the private sector, where he gained an excellent understanding of regulations in that field. During his work at RDA BKP, he also mastered the regulations related to EU projects and the functioning of civil sector organizations.</p>
</div>
<div style="width: 60px; height: 2px; background: #0c8044; margin-top: 45px;"></div>
</div>
</div></div></div></div></div></div></section>

Jelena Krivčević Executive Director Jelena Krivčević has been working in international and local organizations on various projects since 1999, mostly in Montenegro but also with 6 years of experience abroad. In different roles and positions, she has worked on the implementation of multi-million dollar projects in the fields of community development and economic growth in...
